*b. Let c(r) = -r + 7*r**3 - 10*r**3 + r. Determine c(b).
3
Let m(q) = 43*q**2 + 2 - 21*q**2 - 23*q**2 - 4*q. Give m(-4).
2
Let w(t) = 3 + t**2 + 2 - t**3 - 2 + 3*t. Suppose -2*o + 6 = -0*o. What is w(o)?
-6
Let n(r) = -r. Let d = 42 + -41. Determine n(d).
-1
Suppose 11 - 9 = -2*y. Let s(i) = -i + 1. Determine s(y).
2
Let y(m) = -4 + 1 + 6*m - 5*m. Let l = 7 + -10. Give y(l).
-6
Let a(q) = -q + 4. Let s = 1 - 0. Let r(f) = f + 7. Let o be r(-7). Let b be s/(2/(8 - o)). Calculate a(b).
0
Let k = -1 + 5. Suppose 4*r - 2*r - k = 0. Let q(h) = 2*h**2 - 2*h. Let p be q(r). Let x(t) = -t + 5. What is x(p)?
1
Let x(r) = -r + 1. Let g(v) = -v**2 + 5. Let q(h) = g(h) - 4*x(h). Calculate q(3).
4
Suppose -2*y = -4*y. Let n(x) = 4*x**3 + 3*x**2 - 7*x + 3. Let p(v) = v**3 + v**2 - 2*v + 1. Let w(t) = -2*n(t) + 7*p(t). What is w(y)?
1
Let c(z) = 3*z + 1. Suppose 48 = -l + 3*l. Let g be (0/(-2))/(1 + 1). Suppose -4*r = h - 9*r - 19, -4*h - 5*r - l = g. Give c(h).
-2
Let u(c) = -2*c - 3. Let t(z) = -z**2 + 5*z - 6. Let s(f) = -f**2 - 7*f - 2. Let k be s(-6). Let g be t(k). Determine u(g).
1
Suppose 4*a = -0*a - 16. Let i(f) = 3*f**2 + 12*f - 12. Let d(x) = x**2 + 4*x - 4. Let w(r) = -8*d(r) + 3*i(r). Determine w(a).
-4
Let a(n) be the third derivative of -7*n**4/24 - n**3/2 - 31*n**2. Calculate a(-4).
25
Let q(j) = -5*j + 55. Let o be q(12). Let c(d) = -d**3 - 3*d**2 + 6*d + 1. What is c(o)?
21
Let x be (-3)/(6/4) + 2. Let y(b) = b - 1. What is y(x)?
-1
Let r(h) = 11*h - h**2 - 9*h + 0*h**2. Suppose 3 = 4*s - 2*k + 5*k, -2*s + 12 = -2*k. Determine r(s).
-3
Let s(o) = -5*o**3 - o**2. Let r(c) = c**2 + 14*c + 14. Suppose 5*d + 26 = 3*d. Let h be r(d). Calculate s(h).
-6
Let h(l) = -l**2 - 13*l - 7. Let w be h(-12). Suppose w*r = 5*p - p + 5, -4*p = 4*r - 4. Let a(b) = -b + 9. Determine a(p).
9
Let l(i) = i**2 + 6*i - 1. Suppose 5*z = -25 - 0. Determine l(z).
-6
Let z(p) be the first derivative of p**5/60 + p**4/6 + p**3 - p**2/2 - 6. Let y(i) be the second derivative of z(i). Give y(-5).
11
Let l(i) be the second derivative of -i**3/2 - 2*i**2 - 5*i. Let p be 6/(1/(-2 + 1)). Let o = p - -3. What is l(o)?
5
Let m(w) = 3*w - 3. Let s(r) = 2 + 13*r - 15*r - 1 + 1. Suppose 29 - 9 = 4*l. Let x(c) = l*s(c) + 3*m(c). Give x(6).
-5
Let z(x) = -8*x + 3. Suppose -5*h + 2 = -8. Give z(h).
-13
Let k(m) = 3*m - 3. Let z(h) = -3*h**2. Let r be z(-1). Calculate k(r).
-12
Let x(w) be the second derivative of -13*w**4/12 + w**3/6 + 20*w. Give x(1).
-12
Let b(r) be the second derivative of r**5/20 - 5*r**4/12 - 3*r**2/2 + r. Suppose 2*v + 2*v - 5*c = 5, 3*c - 14 = -v. Calculate b(v).
-3
Let u(r) = -r**3 - r**2 - r + 1. Let a(o) = -o**3 - 7*o**2 - 4*o + 9. Let l(m) = -a(m) + 2*u(m). What is l(5)?
3
Let j(l) be the first derivative of l**3/3 - 9*l**2/2 + 8*l + 7. Let s be j(7). Let k(q) = -5*q**2 + 8*q + 4 + 0*q + 3 - q**3. What is k(s)?
-5
Let s(o) be the third derivative of o**9/60480 - o**8/3360 + o**7/5040 - o**6/144 + o**5/30 + 6*o**2. Let l(d) be the third derivative of s(d). What is l(6)?
1
Let i = -273 + 279. Let o(f) = 7*f**2 - 2. Let l(a) = -6*a**2 + a + 1. Let d(t) = -6*l(t) - 5*o(t). What is d(i)?
4
Let g be (2/(-4))/1*-10. Let p(v) be the second derivative of -v**3/6 + 5*v**2/2 + 29*v. Determine p(g).
0
Let y(k) = 0*k**3 + 1 - 6 - k**3 - 2*k + 7 + 3*k**2. Let c(l) be the first derivative of l**2/2 + l + 2. Let f be c(2). Give y(f).
-4
Let x(t) = t**3 + t**2 - t + 1. Let a be x(1). Suppose 1 + 1 = a*q. Let p(j) = -4*j. What is p(q)?
-4
Let i(k) = -k - 8. Suppose 4*o + 0 = -0. Calculate i(o).
-8
Let j(m) = m - 1. Suppose -3*y = -4*u + 48, u + 11 = -8*y + 3*y. Let z = u + -5. Suppose -3*w + z*n = -1, -w = -6*w + n - 4. Give j(w).
-2
Suppose 3*b + 0 + 3 = 0. Let z(s) be the third derivative of 0 - 3*s**2 - 1/6*s**3 - 5/24*s**4 + 0*s. Determine z(b).
4
Let a(g) = -g**2 + 1. Let i(u) = u**3 - u**2 + u + 4. Let x(m) = m + 8. Let c be x(-9). Let j(f) = c*i(f) + 4*a(f). Determine j(-3).
3
Let j be (1 - (2 - 4)) + -5. Let y(v) = -2*v - 2. Give y(j).
2
Let u(m) = m**2 + 7*m + 6. Let b be (-5)/(-10) - (-26)/(-4). Let g be u(b). Let h(y) = y**2 + y + 1. Calculate h(g).
1
Let j = -3 + 5. Let k(z) be the first derivative of -5*z - z - z**2 + 1 + 2*z**j. Calculate k(4).
2
Suppose -6*p + 15 = -5*p. Let i = p + -13. Let c(w) = -w + 1. Calculate c(i).
-1
Suppose 11 - 5 = 3*w. Suppose 2*b + 13 = -0*q + 3*q, 4*b - 14 = -w*q. Let i(c) be the first derivative of c**4/4 - 2*c**3 + 3*c**2 + 3*c - 4. What is i(q)?
8
Let g(i) = -i. Suppose 3*m - m + 10 = 3*p, -4*p = -2*m - 14. Suppose 12 = -p*q - 4. Calculate g(q).
4
Let z(j) = -8 - 6*j - 3*j**2 + 3 + 4*j**2. Let x be z(7). Let d(f) = 2*f + f + 3 - 5*f + 0*f. Calculate d(x).
-1
Suppose 3*k = 7 + 2. Let o(z) be the second derivative of -z**4/12 + z**3/3 - z**2/2 - 3*z - 28. Give o(k).
-4
Let b be ((-132)/(-16) + -9)*(-4)/1. Let d(c) = -2*c**3 + 2*c**2 + 3*c + 4. Determine d(b).
-23
Let z(n) = n - 6. Let r be (-3)/(-5) + (-135)/(-25). Calculate z(r).
0
Suppose 1 = 2*y + 3. Let v(j) be the second derivative of 3*j**5/10 + j**2/2 - 4*j. Let u be v(y). Let c(s) = -2*s - 6. Calculate c(u).
4
Let a be (-1)/3 + (-1)/(-3). Suppose a = -i - 0*i - 2. Let f = 2 + i. Let m(y) = y - 4. Determine m(f).
-4
Let k be 4/(-18) + (-96)/54. Let r(p) = -2*p**3 - p**2 + 2*p + 2. Calculate r(k).
10
Let s = 3 - 7. Let j(t) = t**2 + 6*t + 4. Let h be j(s). Let x(z) = -3*z**2 + 41 + 5*z - 5*z**3 + 4*z**3 - 44. Calculate x(h).
-7
Let a(p) = -p + 0*p + p - 6 + 2*p. Let h(x) = -x**2 + 15*x - 18. Let c(d) = -d + 1. Let w(z) = -6*c(z) - h(z). Let j be w(8). What is a(j)?
2
Let s(y) = y + 2. Let n be 8/20 + 56/10. Let i be (-9)/2*(-4)/n. What is s(i)?
5
Let t(v) = 3*v**2 - 7*v - 10. Let m(j) = -4*j**2 + 7*j + 11. Let o(y) = 4*m(y) + 5*t(y). Give o(-5).
4
Let l(z) = z - 19. Let x(v) = 2*v - 39. Let j(p) = 9*l(p) - 4*x(p). What is j(11)?
-4
Let y(a) = a**2 + 3*a - 2. Let c(h) = 4*h + 12. Let d be c(-4). Determine y(d).
2
Let s = -5 + 9. Let i(a) = -a + 5. Give i(s).
1
Let i(c) = -c**3 + 3*c**2 + 4. Let l(v) = 24*v + 1. Let m be l(1). Suppose m - 7 = 6*j. Determine i(j).
4
Let l(g) = -3 - 3*g**2 + g**3 - 3*g - 3*g**2 + 5*g**2. Let m(h) = -23*h + 118. Let r be m(5). Determine l(r).
6
Let a(o) = -3 + o + 2 - 6*o + 2. What is a(-3)?
16
Let t(j) be the first derivative of -3*j**2/2 - 3*j - 19. Let h(g) = -2*g + 3. Let q be h(3). Determine t(q).
6
Let n(l) be the second derivative of -l**5/60 - l**4/8 - l**3/3 - 5*l**2 - l. Let h(o) be the first derivative of n(o). Calculate h(-3).
-2
Suppose t + 0*t = 0. Let g(l) = -5*l + 2*l + t + 2*l + 1. Determine g(-5).
6
Let f(z) be the first derivative of -z**4/4 + 7*z**3/3 - 9*z**2/2 + 4*z + 1. What is f(6)?
-14
Let f(m) be the third derivative of m**7/2520 - m**6/90 + 7*m**5/120 - m**4/3 + 4*m**2. Let h(w) be the second derivative of f(w). Calculate h(5).
-8
Let c(r) = -r. Let z(o) = -o - 4. Let n(y) = 2*c(y) + 2*z(y). What is n(-7)?
20
Let h(x) be the first derivative of -x**2 - 4*x + 1. Let q be 0 + -2*(-9)/(-6). What is h(q)?
2
Let q(t) = t**2 - 3*t + 3. Suppose 4 = 5*b - 21. Suppose x = -2*m - 2*m + 20, -b*x + 3*m = -8. What is q(x)?
7
Let l(p) be the third derivative of -p**6/120 - p**5/60 - p**4/8 - p**2. Let s(q) be the second derivative of l(q). Suppose 6 = -h - 2*h. What is s(h)?
10
Let r(l) = -2*l**2 - 3*l + 3. Let c be (-9)/2*4/6. What is r(c)?
-6
Let n(c) = 9*c + 1. Suppose -5 = -3*f + 5*z - 13, 5*f = -3*z - 36. Let o = -4 - f. Suppose -4*l = w + 7 - o, 2*w = 5*l + 3. Determine n(w).
-8
Let u(m) = -m**2 - m + 4. Let l be (2 - 4) + 0/2. Let w = 0 + l. Let d be (w + (-6)/(-3))/2. What is u(d)?
4
Let o(q) = q**3 + 3*q**2 - 2*q + 4. Let r(i) = i**3 + 9*i**2 + 6*i - 6. Let w be r(-6). Let v be (-14)/119 + w/(-17). What is o(v)?
-4
Let x(t) = 5*t - 5. Let k(q) = 3 + 0 - 6*q + 3. Let d(g) = 3*k(g) + 4*x(g). Suppose 10 = 4*z - 6. Give d(z).
6
Let h = 7 - 11. Let i(b) be the first derivative of b**3/3 + 5*b**2/2 + b - 5. Give i(h).
-3
Let u(b) = -b + 1. Let g(z) = z**2 - 8. Let x = -5 - -9. Let v(w) = x*u(w) + g(w). Determine v(4).
-4
Let b(m) = m - 10. Let x be 26/13 + (1 - 2)*-9. What is b(x)?
1
Let n(c) = -c + 5. Let x(b) = b - 4. Let z(y) = -5*n(y) - 6*x(y). Let t(j) = -3*j - 2. Let v(l) = -l + 1. Let s be v(2). Let m(d) = s*t(d) +